hen 22 is divided by 2 + c + (-6)/(-2).
6
Let u(j) = -j**3 + j**2 - 6. Let v be u(0). Let a = v + 16. Calculate the remainder when 124/7 + 2/7 is divided by a.
8
Let y = -40 + 66. What is the remainder when y is divided by -18*1*2/(-4)?
8
Let p = 57 + -28. Let n = -13 - -23. Calculate the remainder when p is divided by n.
9
Let s = 27 + -5. Let z = -37 - -45. Calculate the remainder when s is divided by z.
6
Suppose 2*d + 6 = 8. What is the remainder when 6 is divided by d?
0
Let f(u) = -u**2 - u. Let l(j) = -6*j**2 - 3*j. Let v(b) = 4*f(b) - l(b). Suppose 8 = -3*h + 2. Calculate the remainder when 19 is divided by v(h).
9
Let x = 42 - 65. Let c = -18 - x. Calculate the remainder when 19 is divided by c.
4
Suppose 4*i = 5*f + 26, f + 0*i + i + 7 = 0. Let d(a) = -2*a - 1. Calculate the remainder when d(f) is divided by 6.
5
Let u(q) = q**2 - 3*q. Let i be u(6). Suppose 4*r + 2*f - i = 0, 4*f = r + 3*f. What is the remainder when r is divided by 2?
1
Calculate the remainder when 24 is divided by 712/56 - 4/(-14).
11
Let k(q) = 17*q**2 - 16*q + 16. Calculate the remainder when k(1) is divided by (5/2)/(1/2).
2
Suppose -3*f + 12 = -0*f. Suppose -3*w + 56 = f*l + w, -4*w = -16. Calculate the remainder when 18 is divided by l.
8
Suppose 2*v - v + 23 = 4*m, 69 = -3*v + m. Let o = 49 + v. Suppose 3*w - 5*w + o = 0. What is the remainder when 24 is divided by w?
11
What is the remainder when 11 is divided by (-2)/(-6) + 289/51?
5
Suppose 15 = 5*z - 3*c, 3*z + z - 25 = 5*c. Suppose z = -5*w + n + 195, -5*w = -2*n - 49 - 141. What is the remainder when w is divided by (-10 - 9/(-3))*-2?
12
Suppose w - 96 = 5*o, 0 = 7*w - 2*w - 3*o - 436. What is the remainder when w is divided by 18?
14
Let n(x) = x + 11. Let h be n(-8). What is the remainder when 9 is divided by (10/(-3))/((-2)/h)?
4
Let y(u) = 1 - 6*u + u**2 - 1 - 5 + 0. What is the remainder when 5 is divided by y(7)?
1
Suppose -5*f = -3*a + 37, 0 = 5*a - 10*f + 5*f - 75. What is the remainder when (-222)/4*4/(-6) is divided by a?
18
Let x = 48 + -15. Calculate the remainder when 98 is divided by x.
32
What is the remainder when 211 is divided by -3 + (-39)/(-9) + (-375)/(-9)?
39
Suppose 0 = 5*q - 2*a + 7 - 50, -32 = -4*q + 4*a. Calculate the remainder when 16 is divided by q.
7
Let c(b) = b**2 + 5*b. What is the remainder when c(-10) is divided by 17?
16
Let h = 81 + -44. Let c = -19 + 38. Calculate the remainder when h is divided by c.
18
Let g = 4 + -6. Let q = 8 + g. Calculate the remainder when 8 is divided by q/(-15) + (-34)/(-10).
2
Let t(d) = -d + 4. What is the remainder when t(1) is divided by 2?
1
Let h(s) = s**2 - 6*s - 6. Let l be h(9). Let t(j) = -j**3 + j**2 + 3*j. Let o be t(3). Let q = l + o. Calculate the remainder when 34 is divided by q.
10
Let o(a) = a + 6. Let i be o(0). Let s = -1 + i. What is the remainder when 13 is divided by s?
3
Let h(a) = 3*a**2 - 5*a + 1. What is the remainder when h(4) is divided by 8?
5
Suppose 0 = u - 5*z - 7 - 4, -5*z = 0. Suppose 0 = -2*l + 65 - 23. What is the remainder when l is divided by u?
10
What is the remainder when 384/(-8)*(-2)/6 is divided by 6?
4
Suppose -k = -3*k - 4*a + 26, k = 3*a + 28. Calculate the remainder when k is divided by 2.
1
Let m = -45 - -63. Calculate the remainder when 53 is divided by m.
17
Let y(j) = -j**2 - 2*j - 2. Let n be y(-4). Calculate the remainder when 14 is divided by (8/10)/((-1)/n).
6
Let t = 128 + -124. What is the remainder when 29 is divided by t?
1
Let c be (2/(-3))/(1/(-6)). Let h(f) = 7 - f**2 - 8 + 2*f + f**3 - 3*f**2. What is the remainder when h(c) is divided by 4?
3
Calculate the remainder when -1 + 0 - (-903)/43 is divided by 12.
8
Suppose 4*m - 4691 = -p, m = -2*p + 39 + 1139. What is the remainder when m/20 + (-6)/(-15) is divided by 20?
19
Let p = -2 - -2. Suppose -2*l + 10 + 4 = p. Suppose -5*s - 4*d + 103 = 0, -2*s - 2*d + 42 = -0*s. Calculate the remainder when s is divided by l.
5
Let i(m) = -6*m - 8. What is the remainder when 41 is divided by i(-5)?
19
Calculate the remainder when (9/(-21) - 12/21)*-65 is divided by 17.
14
Let g(w) = 2*w**2 + 5*w - 2. Let f be g(3). Suppose 0 = -5*k + 19 + f. Calculate the remainder when 28 is divided by k.
8
Let p(q) = -3*q**3 - 3*q**2 + 1. Calculate the remainder when (-727)/(-29) + 90/(-1305) is divided by p(-2).
12
Suppose 2*d = 5 + 9. What is the remainder when (-555)/(-21) - (-6)/(-14) is divided by d?
5
Suppose 4*l - 7 = 5. Suppose 4*y = -16, l*y - 18 = 3*s + 6*y. What is the remainder when 10 is divided by ((-12)/(-10) + s)*-5?
2
Suppose -c + 174 = 2*l, -2*l = 8*c - 4*c - 186. Calculate the remainder when l is divided by 15.
10
Let q(a) be the second derivative of -a + 1/2*a**3 + 0 + 3/2*a**2. What is the remainder when 22 is divided by q(3)?
10
Let a(g) = -g + 7. Let d = 4 + -4. Suppose 2*v + 5*s + 12 + 7 = 0, v = 5*s + 28. Calculate the remainder when a(d) is divided by v.
1
Suppose 3*j - 21 - 6 = 0. Let v = j + -5. Suppose -2*t = -0*t - 6. What is the remainder when v is divided by t?
1
Let y = 14 - 1. What is the remainder when 76 is divided by y?
11
Let m(q) = 7*q**2 - 2*q + 4. Suppose -5*f + 10*f + 15 = 0. Calculate the remainder when m(f) is divided by 25.
23
Let n = -50 - -70. Suppose -4*i - n = 0, 0 = l - 0*l - 4*i - 57. Suppose -4*m + 35 = k, -k = -5*m - 6*k + 25. Calculate the remainder when l is divided by m.
7
Suppose 7*f + 5 = 26. Calculate the remainder when 22 is divided by f.
1
Let m(r) = 2*r**2 + 2*r. Suppose -3 = 4*h + 5. Let x be m(h). Suppose 0 = -x*t + 10 + 26. Calculate the remainder when 16 is divided by t.
7
Let o(c) = -26*c + 1. Let k be o(-1). Let z(x) = 3*x**2 + 4*x + 3. Let h be z(-2). Let m = k - h. Calculate the remainder when m is divided by 11.
9
Let u(q) = 9 + 0*q**3 + 11*q + 2 - 9*q**2 - 2*q + q**3. Suppose -m - 7 = -2*m. What is the remainder when u(8) is divided by m?
5
Let s(n) = 8 + 1 + 9*n - 8*n. What is the remainder when s(8) is divided by -1*9/(-2 - -1)?
8
Let f be 34/(-8) + (-1)/(-4). Let v = 8 - f. What is the remainder when (0 + v)*(6 - 4) is divided by 13?
11
Suppose -q = 3 - 18. Calculate the remainder when 43 is divided by q.
13
Suppose -4 = -2*s + 4. Suppose -3*t - 14 = 4*x, -15 = -3*t - 2*t + x. What is the remainder when s is divided by t?
0
What is the remainder when (16 - 1)*(-56)/(-70) is divided by 9/6 + 21/6?
2
Calculate the remainder when 12 is divided by 14/28 - 13/(-2).
5
Suppose 46 = -0*g + g + 3*l, 193 = 3*g - 2*l. Let k = 2 + g. What is the remainder when k is divided by 16?
15
Let s(o) = o**2 - 2*o - 21. Calculate the remainder when 123 is divided by s(7).
11
Suppose 3 = -3*i + 69. Calculate the remainder when 41 is divided by i.
19
Let d = 58 - 12. Let j = -28 + d. Calculate the remainder when j is divided by 10.
8
Let u = -6 + 8. Suppose -2*k - t + 14 = u*t, 5*k - 77 = 3*t. Let h = 57 - 33. Calculate the remainder when h is divided by k.
11
Suppose -4*a = -8, 10 = -3*r - r + 3*a. Let b = 3 + r. Calculate the remainder when (-1)/b + (-42)/(-4) is divided by 6.
4
Suppose 2*z - 10 = -3*y, 3*y - 2*y - z - 5 = 0. Suppose 0 = 5*b - 373 + 73. Calculate the remainder when 44 is divided by (b/16)/(1/y).
14
Let h = 114 + -81. What is the remainder when h is divided by (2/4)/(8/192)?
9
Let k(y) = y**3 - 10*y**2 + 7*y - 12. Let n be 156/16 + (-1)/(-4). Calculate the remainder when k(n) is divided by 20.
18
Suppose x - 46 = -5*k, -4*x + 96 = -k - 46. What is the remainder when x is divided by 8?
4
Let i be (-2)/((6/(-7))/3). Let a = i + -5. Suppose -4 = -a*t + 2*p + 22, -2*p = -8. Calculate the remainder when t is divided by 9.
8
Let r = -1 - -42. What is the remainder when 86 is divided by 18/12 - r/(-2)?
20
Suppose 17*m - 22*m = -30. Calculate the remainder when m is divided by 0 + 1 - 3*-1.
2
Let c be (-160)/(-12) + 3/(-9). Suppose -c + 1 = -m. Calculate the remainder when m is divided by 4.
0
Suppose 3*h + 4*x - 11 = 4*h, 0 = 3*h + x - 19. Suppose 5*n + 1 - 36 = 0. Calculate the remainder when n is divided by h.
2
Let d(r) = -r**2 + 29. What is the remainder when 112 is divided by d(0)?
25
Let s = 1 + -27. Let f = s + -19. Calculate the remainder when 12 is divided by f/(-6) - (-1)/(-2).
5
Suppose -4*l = 4*c + 4, 4*c + 2 = -3*l - 4. Suppose l*s = 4*s - 4. Let w(g) = g**2 - 7*g + 7. Calc